Calculate the greatest common divisor of 22 and v.
11
Let m be -7*(4 + 198/(-42)). Let h be (13/5 - 0) + 14/35. Suppose -4*l - m = h*c, 5 = c + 2*l + 8. Calculate the highest common divisor of c and 1.
1
Let t be (28/10)/(2/20). Suppose -676*s - 16477 = -1833*s + 15919. What is the highest common divisor of t and s?
28
Suppose -4*r + 224 = 5*h, 39*h - 5*r = 37*h + 149. What is the highest common factor of h and 377?
13
Suppose -4*r = -k + 97, -4*r - 54 = 4*k - 442. Suppose -5*m - 4*n = 487, -2*m - 3*n + 4*n = 187. Let v = m + k. What is the highest common factor of v and 5?
1
Let v(b) = -2*b - 4*b + 165 + 0*b + 4*b - 2*b. Let w be v(12). What is the highest common factor of w and 39?
39
Suppose 8*p + 23 = -1. Let n be 1 - (1/p)/(1/9). Let d be (115/15)/(n/120). What is the greatest common divisor of d and 92?
46
Let z(w) = 2*w**2 - 7*w + 8. Let f be z(10). Suppose -12 = -4*o, 3*g = 2*o - 39 + f. Suppose -b + 42 + g = 0. Calculate the highest common factor of 11 and b.
11
Suppose 0 = -4*z + 5*c + 214, 4*z - 196 = 85*c - 89*c. What is the highest common divisor of z and 195?
3
Let l be 1578/6 + 0 + 12. What is the greatest common factor of 225 and l?
25
Let g be 6/39 - 22688/104. Let x be 1/(-4) - g/(-32)*-4. Calculate the highest common divisor of 459 and x.
27
Suppose 0 = 2*y + 5*m - 73, -33*m = 3*y - 29*m - 92. What is the highest common divisor of 768 and y?
24
Let c = -124 - -204. Let l be ((-5)/2)/(-1)*c/25. Let x = l - -8. Calculate the highest common factor of x and 32.
16
Let i(a) = 78*a**2 - 38*a + 192. Let t be i(6). Calculate the highest common divisor of 630 and t.
126
Suppose -j = -3*j - 102. Let m be j/17 + 1 + -4. Let v(f) = -5*f - 27. Let z be v(m). Calculate the greatest common factor of 33 and z.
3
Suppose -y + 3*y + 4 = -5*i, -2*i - 8 = 0. Suppose -7*v - 110 = -y*v. Suppose -4*b = -v - 30. Calculate the greatest common factor of 5 and b.
5
Suppose 0 = -33*l + 94 + 71. Suppose -7*v + 72 = l*v. What is the highest common divisor of 54 and v?
6
Let r(x) = -x**3 + 8*x**2 + 5*x - 13. Let h be r(8). Let m = -1458 - -1485. What is the highest common factor of m and h?
27
Suppose 97681 - 19181 = 500*p. What is the greatest common factor of p and 2512?
157
Let m = 2560 + -2558. Suppose -2 = -x + 12. Let z be (-4)/m*(5 - x). What is the highest common factor of z and 126?
18
Suppose -5*j - 5*g - 313 = -6*g, 3 = g. Suppose 0 = 12*w - 707 - 61. Let n = w + j. Calculate the greatest common divisor of 8 and n.
2
Let m be 0 - (3 - 36*-7). Let t = 399 + m. Suppose x = 10*x - t. What is the greatest common factor of x and 16?
16
Let p be 1 - 5 - -2 - -34. Suppose 1483*z + 6 = 1487*z - 58. Calculate the highest common divisor of z and p.
16
Let m(a) = a**3 - 6*a - 2. Let v be m(3). Let s(o) = -31*o - 92. Let j be s(-5). What is the greatest common factor of j and v?
7
Suppose -23*s - 12 - 11 = 0. Let c be 6/(-9)*(-80 - -8) - s. Calculate the greatest common factor of c and 7.
7
Suppose 0 = m - 3*g - 1632, -4*m + 3*g + 3095 = -3487. What is the highest common factor of 12 and m?
6
Let n be 4/(48/57766) + (-25)/(-600)*4. Calculate the highest common factor of n and 498.
166
Suppose 0 = -3*r + 2*w + 1748, 23*r = 25*r + 5*w - 1178. What is the greatest common factor of r and 16?
8
Let p(m) = -m**2 - 35*m - 10. Let x be p(-35). Let g = x + 120. Calculate the highest common factor of 44 and g.
22
Let r(d) = 5*d - 94. Let c(w) = -w**3 + 17*w**2 + 39*w + 4. Let i be c(19). Let o be r(i). Let l be (1/2)/(1/6). What is the highest common factor of o and l?
3
Let l be (-1 + 1)/1 + 60 + -63. Let a be (2/l)/(36/(-11610)). What is the highest common factor of a and 5?
5
Let n be (-4)/(-3)*27/18. Suppose 2*j + 3*y - 14 = 0, -n*j + 2*y = -4*j + 12. Let w be 11 + 16/(-4) - 3. What is the greatest common factor of w and j?
4
Suppose -6160 = -4*l - 73*l. Let u be 94/10 + (-27)/(-45). What is the highest common factor of u and l?
10
Suppose -46 = -4*s + 54. Let q = 20 + s. Calculate the highest common divisor of 15 and q.
15
Let d(x) = 79*x - 493. Let r be d(7). Calculate the highest common factor of r and 492.
12
Suppose -32 = -3*u - o, 5*u - 70 = 3*o - 26. Calculate the highest common divisor of u and 5.
5
Let q = 13902 - 13863. Calculate the highest common factor of 6747 and q.
39
Let m(f) = -f**3 - 7*f**2 - 5*f. Let k be m(-9). Let q be (-64)/96*138/8*-2. What is the greatest common divisor of k and q?
23
Let p be (1/3)/((-9)/7263). Let j = p - -546. Suppose -j = -2*b + 3*c, -5*b + 558 = -b - 2*c. Calculate the highest common factor of b and 28.
28
Let u = 242 + -110. Let j be 12*((-46)/(-8) + 50/(-200)). Calculate the highest common factor of u and j.
66
Suppose 102*o + 115*o - 39*o = 8188. What is the greatest common divisor of 1587 and o?
23
Let b = -3278 - -3533. What is the greatest common factor of 493 and b?
17
Let n = -719 - -727. Let r be (231/(-28))/((-6)/n). Calculate the highest common divisor of r and 693.
11
Suppose -196 = 41*m - 483. Calculate the greatest common factor of m and 448.
7
Suppose -u + 4 = 0, -4*m + 3*u - 11 - 1 = 0. Suppose 3*v = h - 33, m = -h - 0*h - 5*v + 41. What is the highest common divisor of 192 and h?
12
Let l = 35 + 425. What is the greatest common divisor of 368 and l?
92
Let s be 0/((-8)/(-12)*-6). Suppose 4*h = 20, 5*r + 11*h - 15*h - 30 = s. What is the highest common factor of 4 and r?
2
Let t(h) = 4*h**3 + 4*h**2 + 6. Let u be t(3). Let d = u - 111. What is the highest common divisor of 429 and d?
39
Let t be -2 + (-1 - (-183 + -18)). Calculate the greatest common divisor of t and 374.
22
Let q(x) = x**2 - 70*x + 898. Let j be q(56). What is the highest common divisor of j and 19722?
114
Let o = 150 - 67. Let z = 85 - o. Suppose z*c - 3*c + 21 = 0. Calculate the greatest common divisor of c and 14.
7
Suppose 21704 = 185*i - 82636. Calculate the highest common divisor of 396 and i.
12
Let i = -460 + 463. Let c = 14 - -37. Calculate the highest common factor of i and c.
3
Let v be ((-60)/(-55))/(-6) - 24/(-11). Suppose 5*y - 2*f - 4 = 9, -v*y = 3*f + 10. What is the highest common factor of 27 and y?
1
Suppose -7*z = -126 + 112. Suppose -z*l + n + 3*n + 152 = 0, 2*n = 0. Calculate the greatest common divisor of 836 and l.
76
Suppose -3*z + 327 = 3*y, -3*z + 4*z = -4*y + 439. Suppose -34*h + 256 + 264 = -160. What is the greatest common divisor of h and y?
10
Let a(p) = 3*p + 38. Suppose -3*g + 320 = 2*g. Let y = g + -75. Let j be a(y). What is the greatest common factor of j and 45?
5
Let p be 3910/(-255)*(-1 + -2). Calculate the greatest common divisor of p and 3289.
23
Suppose 3*v - 35 = -h, 3*h = 5*v - h - 47. Let w be (-220)/(-15)*(1 - -5 - (-63)/(-14)). What is the greatest common divisor of v and w?
11
Let u be (38/(-4))/((-4)/(-56)*7). Let k = u - -154. What is the highest common divisor of 20 and k?
5
Suppose -21*p + 8*p = -897. Let h = -29 + p. Calculate the highest common divisor of 10 and h.
10
Let k(u) = -14*u - 44. Let o be k(-8). Suppose -252 = -4*n - o. What is the greatest common divisor of n and 115?
23
Suppose 0 = 3*j - 2*h - 7893, -2*j + 62*h = 64*h - 5282. What is the highest common divisor of 119 and j?
17
Suppose -10*p = 84 - 254. Suppose p*g - 1350 = 11*g. Suppose 5*h - 8*h = -g. What is the greatest common factor of h and 30?
15
Let g be (5 + -14)*15/(-9). Suppose -5 = -0*o - o. Suppose 3*q + o = 23. What is the highest common divisor of q and g?
3
Suppose -3*x - s = 4*s - 28, -s - 4 = -x. Suppose x*h = h + 45. Suppose 2*t - h = -5. Calculate the greatest common factor of 22 and t.
2
Suppose -8*i = -i - 168. Let j = 6955 + -6923. What is the highest common factor of i and j?
8
Let r be ((-13)/26 + (-4072)/48)*(-9)/4. What is the highest common divisor of 264 and r?
24
Suppose 324 = -4*o + 4. Let z be (-40)/o - 2/4*-35. Suppose 4*y + 5*j - 27 = 0, -4*j = -0*y + 2*y - z. What is the greatest common divisor of y and 27?
3
Let k = 498 - 480. Suppose -6*p + 1047 = -3*p. Suppose 0 = -5*v + 11 + p. What is the greatest common factor of v and k?
18
Let j = -145 + 175. Suppose j*k = 39*k - 7920. What is the greatest common factor of 80 and k?
80
Let f be 822/(-18)*3 + 6. Let y = 166 + f. What is the greatest common factor of 140 and y?
35
Suppose 5*q = 16 + 14. Let f(a) = -135*a**2 + 4*a - 1. Let 